hen 73460 is divided by 173.
108
Calculate the remainder when 315788 is divided by 5.
3
Calculate the remainder when 21523 is divided by 590.
283
What is the remainder when 149456 is divided by 159?
155
Calculate the remainder when 4717 is divided by 3.
1
Calculate the remainder when 12666 is divided by 234.
30
Calculate the remainder when 21226 is divided by 10601.
24
What is the remainder when 2652818 is divided by 316?
314
What is the remainder when 14179 is divided by 954?
823
Calculate the remainder when 2651827 is divided by 17.
14
What is the remainder when 49612 is divided by 329?
262
Calculate the remainder when 5033 is divided by 316.
293
What is the remainder when 106794 is divided by 7?
2
Calculate the remainder when 1835205 is divided by 458.
457
Calculate the remainder when 36664 is divided by 4072.
16
Calculate the remainder when 97535 is divided by 1318.
3
Calculate the remainder when 12169 is divided by 422.
353
What is the remainder when 130367 is divided by 10?
7
What is the remainder when 60452 is divided by 78?
2
Calculate the remainder when 1447 is divided by 81.
70
Calculate the remainder when 704213 is divided by 41.
38
Calculate the remainder when 8607 is divided by 711.
75
What is the remainder when 16466 is divided by 657?
41
Calculate the remainder when 3207 is divided by 731.
283
What is the remainder when 20215 is divided by 30?
25
What is the remainder when 2662 is divided by 443?
4
Calculate the remainder when 74604 is divided by 33.
24
What is the remainder when 13433 is divided by 1139?
904
What is the remainder when 122453 is divided by 122440?
13
What is the remainder when 1080 is divided by 310?
150
What is the remainder when 3022 is divided by 2899?
123
Calculate the remainder when 3644870 is divided by 488.
486
What is the remainder when 50829 is divided by 1442?
359
Calculate the remainder when 16586 is divided by 592.
10
Calculate the remainder when 377 is divided by 94.
1
Calculate the remainder when 3192 is divided by 773.
100
Calculate the remainder when 5138 is divided by 156.
146
Calculate the remainder when 144537 is divided by 438.
435
What is the remainder when 5409 is divided by 296?
81
What is the remainder when 3760 is divided by 2481?
1279
What is the remainder when 3088 is divided by 88?
8
What is the remainder when 11654 is divided by 90?
44
What is the remainder when 4451 is divided by 59?
26
Calculate the remainder when 18310 is divided by 6090.
40
Calculate the remainder when 17039 is divided by 2445.
2369
Calculate the remainder when 9849 is divided by 702.
21
Calculate the remainder when 3274 is divided by 948.
430
What is the remainder when 122632 is divided by 10217?
28
Calculate the remainder when 624 is divided by 25.
24
What is the remainder when 120444 is divided by 323?
288
Calculate the remainder when 811686 is divided by 157.
153
Calculate the remainder when 6199502 is divided by 464.
462
What is the remainder when 52192 is divided by 3726?
28
What is the remainder when 118396 is divided by 160?
156
Calculate the remainder when 1340 is divided by 88.
20
Calculate the remainder when 153 is divided by 145.
8
Calculate the remainder when 538 is divided by 23.
9
What is the remainder when 57781 is divided by 173?
172
What is the remainder when 2375 is divided by 550?
175
What is the remainder when 657742 is divided by 772?
770
What is the remainder when 108574 is divided by 54285?
4
What is the remainder when 124087 is divided by 2214?
103
Calculate the remainder when 5605 is divided by 2732.
141
Calculate the remainder when 220055 is divided by 50.
5
Calculate the remainder when 246 is divided by 15.
6
Calculate the remainder when 1816 is divided by 448.
24
What is the remainder when 364700 is divided by 26?
24
What is the remainder when 10805 is divided by 19?
13
Calculate the remainder when 57621 is divided by 36.
21
What is the remainder when 3075 is divided by 146?
9
Calculate the remainder when 148281 is divided by 16.
9
Calculate the remainder when 3768 is divided by 481.
401
Calculate the remainder when 1259 is divided by 1240.
19
What is the remainder when 15207 is divided by 3799?
11
What is the remainder when 488 is divided by 12?
8
Calculate the remainder when 91178 is divided by 307.
306
What is the remainder when 16376 is divided by 631?
601
Calculate the remainder when 1266 is divided by 513.
240
What is the remainder when 17791 is divided by 5?
1
Calculate the remainder when 93048 is divided by 1723.
6
Calculate the remainder when 3022 is divided by 637.
474
Calculate the remainder when 10111 is divided by 2010.
61
Calculate the remainder when 44195 is divided by 13.
8
What is the remainder when 4950 is divided by 204?
54
Calculate the remainder when 30360 is divided by 1517.
20
Calculate the remainder when 143354 is divided by 28668.
14
Calculate the remainder when 10446 is divided by 4824.
798
What is the remainder when 81148 is divided by 4?
0
Calculate the remainder when 44953 is divided by 737.
733
Calculate the remainder when 25123 is divided by 34.
31
Calculate the remainder when 1886 is divided by 473.
467
What is the remainder when 155490 is divided by 26?
10
Calculate the remainder when 300930 is divided by 100303.
21
Calculate the remainder when 1475 is divided by 917.
558
What is the remainder when 1205 is divided by 368?
101
Calculate the remainder when 3479 is divided by 219.
194
Calculate the remainder when 48462 is divided by 675.
537
What is the remainder when 9194 is divided by 48?
26
What is the remainder when 68610 is divided by 68?
66
Calculate the remainder when 1836 is divided by 624.
588
What is the remainder when 315357 is divided by 108?
105
Calculate the remainder when 21131 is divided by 207.
17
What is the remainder when 3466 is divided by 128?
10
Calculate the remainder when 14246 is divided by 92.
78
Calculate the remainder when 44200 is divided by 939.
67
Calculate the remainder when 35820 is divided by 17791.
238
Calculate the remainder when 24468 is divided by 184.
180
Calculate the remainder when 60518 is divided by 89.
87
Calculate the remainder when 33993 is divided by 147.
36
What is the remainder when 3550 is divided by 620?
450
Calculate the remainder when 164263 is divided by 141.
139
What is the remainder when 13507 is divided by 204?
43
What is the remainder when 72210 is divided by 4247?
11
What is the remainder when 9214 is divided by 123?
112
Calculate the remainder when 2034586 is divided by 516.
514
What is the remainder when 24477 is divided by 9?
6
Calculate the remainder when 4559 is divided by 326.
321
Calculate the remainder when 3333129 is divided by 418.
415
Calculate the remainder when 15469 is divided by 4517.
1918
Calculate the remainder when 14645 is divided by 4741.
422
What is the remainder when 34681 is divided by 2307?
76
What is the remainder when 460031 is divided by 97?
57
What is the remainder when 55028 is divided by 18314?
86
Calculate the remainder when 124687 is divided by 591.
577
What is the remainder when 21861 is divided by 436?
61
What is the remainder when 65 is divided by 33?
32
Calculate the remainder when 293 is divided by 31.
14
What is the remainder when 5669 is divided by 1112?
109
Calculate the remainder when 2928834 is divided by 205.
204
What is the remainder when 14367 is divided by 2869?
22
Calculate the remainder when 56320 is divided by 378.
376
Calculate the remainder when 46347 is divided by 15443.
18
Calculate the remainder when 1288 is divided by 115.
23
What is the remainder when 16349 is divided by 3252?
89
What is the remainder when 65305 is divided by 158?
51
Calculate the remainder when 564 is divided by 221.
122
Calculate the remainder when 129256 is divided by 834.
820
Calculate the remainder when 8326 is divided by 15.
1
What is the remainder when 23367 is divided by 441?
435
Calculate the remainder when 134827 is divided by 4993.
16
Calculate the remainder when 4620 is divided by 19.
3
What is the remainder when 36 is divided by 3?
0
What is the remainder when 1326693 is divided by 38?
37
What is the remainder when 196139 is divided by 70?
69
Calculate the remainder when 4813 is divided by 1603.
4
What is the remainder when 20110 is divided by 149?
144
What 